{"id":1791,"date":"2021-01-12T22:36:12","date_gmt":"2021-01-12T22:36:12","guid":{"rendered":"http:\/\/institutomangara.org\/?page_id=1791"},"modified":"2021-02-13T16:51:41","modified_gmt":"2021-02-13T16:51:41","slug":"rede-kilofe","status":"publish","type":"page","link":"https:\/\/institutomangara.org\/?page_id=1791","title":{"rendered":"Rede Kilof\u00e9"},"content":{"rendered":"\t\t<div data-elementor-type=\"wp-page\" data-elementor-id=\"1791\" class=\"elementor elementor-1791\" data-elementor-settings=\"[]\">\n\t\t\t\t\t\t<div class=\"elementor-inner\">\n\t\t\t\t\t\t\t<div class=\"elementor-section-wrap\">\n\t\t\t\t\t\t\t<section class=\"has_ma_el_bg_slider elementor-section elementor-top-section elementor-element elementor-element-6b736f0 elementor-section-boxed elementor-section-height-default elementor-section-height-default\" data-id=\"6b736f0\" data-element_type=\"section\">\n\t\t\t\t\t\t<div class=\"elementor-container elementor-column-gap-default\">\n\t\t\t\t\t\t\t<div class=\"elementor-row\">\n\t\t\t\t\t<div class=\"has_ma_el_bg_slider elementor-column elementor-col-100 elementor-top-column elementor-element elementor-element-e58e82f\" data-id=\"e58e82f\" data-element_type=\"column\">\n\t\t\t<div class=\"elementor-column-wrap elementor-element-populated\">\n\t\t\t\t\t\t\t<div class=\"elementor-widget-wrap\">\n\t\t\t\t\t\t<div class=\"elementor-element elementor-element-a538b0f elementor-widget elementor-widget-heading\" data-id=\"a538b0f\" data-element_type=\"widget\" data-widget_type=\"heading.default\">\n\t\t\t\t<div class=\"elementor-widget-container\">\n\t\t\t<h3 class=\"elementor-heading-title elementor-size-default\">PROGRAMA PROMO\u00c7\u00c3O DA IGUALDADE RACIAL\n<\/h3>\t\t<\/div>\n\t\t\t\t<\/div>\n\t\t\t\t\t\t<\/div>\n\t\t\t\t\t<\/div>\n\t\t<\/div>\n\t\t\t\t\t\t\t\t<\/div>\n\t\t\t\t\t<\/div>\n\t\t<\/section>\n\t\t\t\t<section class=\"has_ma_el_bg_slider elementor-section elementor-top-section elementor-element elementor-element-6c71125 elementor-section-boxed elementor-section-height-default elementor-section-height-default\" data-id=\"6c71125\" data-element_type=\"section\">\n\t\t\t\t\t\t<div class=\"elementor-container elementor-column-gap-default\">\n\t\t\t\t\t\t\t<div class=\"elementor-row\">\n\t\t\t\t\t<div class=\"has_ma_el_bg_slider elementor-column elementor-col-100 elementor-top-column elementor-element elementor-element-a2d8620\" data-id=\"a2d8620\" data-element_type=\"column\">\n\t\t\t<div class=\"elementor-column-wrap elementor-element-populated\">\n\t\t\t\t\t\t\t<div class=\"elementor-widget-wrap\">\n\t\t\t\t\t\t<div class=\"elementor-element elementor-element-f90d032 elementor-widget elementor-widget-image\" data-id=\"f90d032\" data-element_type=\"widget\" data-widget_type=\"image.default\">\n\t\t\t\t<div class=\"elementor-widget-container\">\n\t\t\t\t\t<div class=\"elementor-image\">\n\t\t\t\t\t\t\t\t\t\t<img loading=\"lazy\" decoding=\"async\" width=\"906\" height=\"510\" src=\"https:\/\/institutomangara.org\/wp-content\/uploads\/2021\/02\/Rede-Kilofe-kitanda.jpg\" class=\"attachment-large size-large\" alt=\"\" srcset=\"https:\/\/institutomangara.org\/wp-content\/uploads\/2021\/02\/Rede-Kilofe-kitanda.jpg 906w, https:\/\/institutomangara.org\/wp-content\/uploads\/2021\/02\/Rede-Kilofe-kitanda-300x169.jpg 300w, https:\/\/institutomangara.org\/wp-content\/uploads\/2021\/02\/Rede-Kilofe-kitanda-768x432.jpg 768w\" sizes=\"auto, (max-width: 906px) 100vw, 906px\" \/>\t\t\t\t\t\t\t\t\t\t\t<\/div>\n\t\t\t\t<\/div>\n\t\t\t\t<\/div>\n\t\t\t\t\t\t<\/div>\n\t\t\t\t\t<\/div>\n\t\t<\/div>\n\t\t\t\t\t\t\t\t<\/div>\n\t\t\t\t\t<\/div>\n\t\t<\/section>\n\t\t\t\t<section class=\"has_ma_el_bg_slider elementor-section elementor-top-section elementor-element elementor-element-202f5c2 elementor-section-boxed elementor-section-height-default elementor-section-height-default\" data-id=\"202f5c2\" data-element_type=\"section\">\n\t\t\t\t\t\t<div class=\"elementor-container elementor-column-gap-default\">\n\t\t\t\t\t\t\t<div class=\"elementor-row\">\n\t\t\t\t\t<div class=\"has_ma_el_bg_slider elementor-column elementor-col-100 elementor-top-column elementor-element elementor-element-0abd286\" data-id=\"0abd286\" data-element_type=\"column\">\n\t\t\t<div class=\"elementor-column-wrap elementor-element-populated\">\n\t\t\t\t\t\t\t<div class=\"elementor-widget-wrap\">\n\t\t\t\t\t\t<div class=\"elementor-element elementor-element-5d64d27 elementor-widget elementor-widget-text-editor\" data-id=\"5d64d27\" data-element_type=\"widget\" data-widget_type=\"text-editor.default\">\n\t\t\t\t<div class=\"elementor-widget-container\">\n\t\t\t\t\t<div class=\"elementor-text-editor elementor-clearfix\"><p>\u00c9 um programa que pauta o Instituto a elaborar, apoiar e executar projetos e\u00a0 a\u00e7\u00f5es que contribuam com a Promo\u00e7\u00e3o da Igualdade Racial numa perspectiva de combate ao racismo e na busca da equidade, de justi\u00e7a, educa\u00e7\u00e3o e economia para setores sociais discriminados e perseguidos pelo racismo.<\/p>\n<p>A partir de 2003, com a assinatura pelo ent\u00e3o presidente da Rep\u00fablica Federativa do Brasil, Luiz In\u00e1cio Lula da Silva, da lei 10.639\/03, que estabelece a obrigatoriedade do ensino da cultura e hist\u00f3ria da \u00c1frica na Educa\u00e7\u00e3o Brasileira e com o ava\u00e7o da pol\u00edtica p\u00fablicas demandadas pelo Movimento Negro na perspectiva da repara\u00e7\u00e3o hist\u00f3rica das mazelas oriundas do Escravismo Criminoso no Brasil, o Mangar\u00e1 traz para dentro de seus programas e projetos a materialidade da Promo\u00e7\u00e3o da Igualdade Racial.<\/p>\n<p>Sem a supera\u00e7\u00e3o do racismo n\u00e3o h\u00e1 sustentabilidade poss\u00edvel!<\/p>\n<p>\u00a0<\/p><\/div>\n\t\t\t\t<\/div>\n\t\t\t\t<\/div>\n\t\t\t\t\t\t<\/div>\n\t\t\t\t\t<\/div>\n\t\t<\/div>\n\t\t\t\t\t\t\t\t<\/div>\n\t\t\t\t\t<\/div>\n\t\t<\/section>\n\t\t\t\t<section class=\"has_ma_el_bg_slider elementor-section elementor-top-section elementor-element elementor-element-bbb4604 elementor-section-boxed elementor-section-height-default elementor-section-height-default\" data-id=\"bbb4604\" data-element_type=\"section\">\n\t\t\t\t\t\t<div class=\"elementor-container elementor-column-gap-default\">\n\t\t\t\t\t\t\t<div class=\"elementor-row\">\n\t\t\t\t\t<div class=\"has_ma_el_bg_slider elementor-column elementor-col-50 elementor-top-column elementor-element elementor-element-e244b05\" data-id=\"e244b05\" data-element_type=\"column\">\n\t\t\t<div class=\"elementor-column-wrap elementor-element-populated\">\n\t\t\t\t\t\t\t<div class=\"elementor-widget-wrap\">\n\t\t\t\t\t\t<div class=\"elementor-element elementor-element-3bd6447 elementor-widget elementor-widget-heading\" data-id=\"3bd6447\" data-element_type=\"widget\" data-widget_type=\"heading.default\">\n\t\t\t\t<div class=\"elementor-widget-container\">\n\t\t\t<h3 class=\"elementor-heading-title elementor-size-default\">Projeto - Incuba\u00e7\u00e3o da Rede Kolof\u00e9 de Empreendedoras\/es: \n<\/h3>\t\t<\/div>\n\t\t\t\t<\/div>\n\t\t\t\t<div class=\"elementor-element elementor-element-61d7d16 elementor-widget elementor-widget-text-editor\" data-id=\"61d7d16\" data-element_type=\"widget\" data-widget_type=\"text-editor.default\">\n\t\t\t\t<div class=\"elementor-widget-container\">\n\t\t\t\t\t<div class=\"elementor-text-editor elementor-clearfix\"><p>Trabalhando a quest\u00e3o racial e econ\u00f4mica o Instituto Mangar\u00e1 trouxe para incubar a Rede Kilof\u00e9 de Economia de Negras e Negros do Estado do Cear\u00e1. \u00c9 um coletivo de produtoras e produtores\u00a0 &#8211; em sua grande maioria , mulheres\u00a0 de artes\u00e3s &#8211;\u00a0 que produzem bens,artes e servi\u00e7os. Articulam-se\u00a0 em torno de feiras e outras formas coletivas de comercializa\u00e7\u00e3o&#8230;<\/p><p>\u00a0<\/p><\/div>\n\t\t\t\t<\/div>\n\t\t\t\t<\/div>\n\t\t\t\t<div class=\"elementor-element elementor-element-2b8382f elementor-align-center elementor-widget elementor-widget-button\" data-id=\"2b8382f\" data-element_type=\"widget\" data-widget_type=\"button.default\">\n\t\t\t\t<div class=\"elementor-widget-container\">\n\t\t\t\t\t<div class=\"elementor-button-wrapper\">\n\t\t\t<a href=\"https:\/\/institutomangara.org\/?page_id=2056\" class=\"elementor-button-link elementor-button elementor-size-sm\" role=\"button\">\n\t\t\t\t\t\t<span class=\"elementor-button-content-wrapper\">\n\t\t\t\t\t\t<span class=\"elementor-button-text\">Clique aqui<\/span>\n\t\t<\/span>\n\t\t\t\t\t<\/a>\n\t\t<\/div>\n\t\t\t\t<\/div>\n\t\t\t\t<\/div>\n\t\t\t\t\t\t<\/div>\n\t\t\t\t\t<\/div>\n\t\t<\/div>\n\t\t\t\t<div class=\"has_ma_el_bg_slider elementor-column elementor-col-50 elementor-top-column elementor-element elementor-element-4a4566c\" data-id=\"4a4566c\" data-element_type=\"column\">\n\t\t\t<div class=\"elementor-column-wrap elementor-element-populated\">\n\t\t\t\t\t\t\t<div class=\"elementor-widget-wrap\">\n\t\t\t\t\t\t<div class=\"elementor-element elementor-element-21d428d elementor-widget elementor-widget-image\" data-id=\"21d428d\" data-element_type=\"widget\" data-widget_type=\"image.default\">\n\t\t\t\t<div class=\"elementor-widget-container\">\n\t\t\t\t\t<div class=\"elementor-image\">\n\t\t\t\t\t\t\t\t\t\t<img loading=\"lazy\" decoding=\"async\" width=\"1024\" height=\"578\" src=\"https:\/\/institutomangara.org\/wp-content\/uploads\/2021\/02\/kitanda-1024x578.png\" class=\"attachment-large size-large\" alt=\"\" srcset=\"https:\/\/institutomangara.org\/wp-content\/uploads\/2021\/02\/kitanda-1024x578.png 1024w, https:\/\/institutomangara.org\/wp-content\/uploads\/2021\/02\/kitanda-300x169.png 300w, https:\/\/institutomangara.org\/wp-content\/uploads\/2021\/02\/kitanda-768x433.png 768w, https:\/\/institutomangara.org\/wp-content\/uploads\/2021\/02\/kitanda.png 1354w\" sizes=\"auto, (max-width: 1024px) 100vw, 1024px\" \/>\t\t\t\t\t\t\t\t\t\t\t<\/div>\n\t\t\t\t<\/div>\n\t\t\t\t<\/div>\n\t\t\t\t\t\t<\/div>\n\t\t\t\t\t<\/div>\n\t\t<\/div>\n\t\t\t\t\t\t\t\t<\/div>\n\t\t\t\t\t<\/div>\n\t\t<\/section>\n\t\t\t\t\t\t<\/div>\n\t\t\t\t\t\t<\/div>\n\t\t\t\t\t<\/div>\n\t\t","protected":false},"excerpt":{"rendered":"<p>PROGRAMA PROMO\u00c7\u00c3O DA IGUALDADE RACIAL \u00c9 um programa que pauta o Instituto a elaborar, apoiar e executar projetos e\u00a0 a\u00e7\u00f5es que contribuam com a Promo\u00e7\u00e3o da Igualdade Racial numa perspectiva de combate ao racismo e na busca da equidade, de justi\u00e7a, educa\u00e7\u00e3o e economia para setores sociais discriminados e perseguidos pelo racismo. A partir de &hellip;<\/p>\n<p class=\"read-more\"> <a class=\"\" href=\"https:\/\/institutomangara.org\/?page_id=1791\"> <span class=\"screen-reader-text\">Rede Kilof\u00e9<\/span> Leia mais &raquo;<\/a><\/p>\n","protected":false},"author":1,"featured_media":0,"parent":0,"menu_order":0,"comment_status":"closed","ping_status":"closed","template":"","meta":{"footnotes":""},"class_list":["post-1791","page","type-page","status-publish","hentry"],"_links":{"self":[{"href":"https:\/\/institutomangara.org\/index.php?rest_route=\/wp\/v2\/pages\/1791","targetHints":{"allow":["GET"]}}],"collection":[{"href":"https:\/\/institutomangara.org\/index.php?rest_route=\/wp\/v2\/pages"}],"about":[{"href":"https:\/\/institutomangara.org\/index.php?rest_route=\/wp\/v2\/types\/page"}],"author":[{"embeddable":true,"href":"https:\/\/institutomangara.org\/index.php?rest_route=\/wp\/v2\/users\/1"}],"replies":[{"embeddable":true,"href":"https:\/\/institutomangara.org\/index.php?rest_route=%2Fwp%2Fv2%2Fcomments&post=1791"}],"version-history":[{"count":22,"href":"https:\/\/institutomangara.org\/index.php?rest_route=\/wp\/v2\/pages\/1791\/revisions"}],"predecessor-version":[{"id":2094,"href":"https:\/\/institutomangara.org\/index.php?rest_route=\/wp\/v2\/pages\/1791\/revisions\/2094"}],"wp:attachment":[{"href":"https:\/\/institutomangara.org\/index.php?rest_route=%2Fwp%2Fv2%2Fmedia&parent=1791"}],"curies":[{"name":"wp","href":"https:\/\/api.w.org\/{rel}","templated":true}]}}

Rede Kilofé

<div data-elementor-type="wp-page" data-elementor-id="1791" class="elementor elementor-1791" data-elementor-settings="[]">
						<div class="elementor-inner">
							<div class="elementor-section-wrap">
							<section class="has_ma_el_bg_slider elementor-section elementor-top-section elementor-element elementor-element-6b736f0 elementor-section-boxed elementor-section-height-default elementor-section-height-default" data-id="6b736f0" data-element_type="section">
						<div class="elementor-container elementor-column-gap-default">
							<div class="elementor-row">
					<div class="has_ma_el_bg_slider elementor-column elementor-col-100 elementor-top-column elementor-element elementor-element-e58e82f" data-id="e58e82f" data-element_type="column">
			<div class="elementor-column-wrap elementor-element-populated">
							<div class="elementor-widget-wrap">
						<div class="elementor-element elementor-element-a538b0f elementor-widget elementor-widget-heading" data-id="a538b0f" data-element_type="widget" data-widget_type="heading.default">
				<div class="elementor-widget-container">
			<h3 class="elementor-heading-title elementor-size-default">PROGRAMA PROMOÇÃO DA IGUALDADE RACIAL
</h3>		</div>
				</div>
						</div>
					</div>
		</div>
								</div>
					</div>
		</section>
				<section class="has_ma_el_bg_slider elementor-section elementor-top-section elementor-element elementor-element-6c71125 elementor-section-boxed elementor-section-height-default elementor-section-height-default" data-id="6c71125" data-element_type="section">
						<div class="elementor-container elementor-column-gap-default">
							<div class="elementor-row">
					<div class="has_ma_el_bg_slider elementor-column elementor-col-100 elementor-top-column elementor-element elementor-element-a2d8620" data-id="a2d8620" data-element_type="column">
			<div class="elementor-column-wrap elementor-element-populated">
							<div class="elementor-widget-wrap">
						<div class="elementor-element elementor-element-f90d032 elementor-widget elementor-widget-image" data-id="f90d032" data-element_type="widget" data-widget_type="image.default">
				<div class="elementor-widget-container">
					<div class="elementor-image">
										<img loading="lazy" decoding="async" width="906" height="510" src="https://institutomangara.org/wp-content/uploads/2021/02/Rede-Kilofe-kitanda.jpg" class="attachment-large size-large" alt="" srcset="https://institutomangara.org/wp-content/uploads/2021/02/Rede-Kilofe-kitanda.jpg 906w, https://institutomangara.org/wp-content/uploads/2021/02/Rede-Kilofe-kitanda-300x169.jpg 300w, https://institutomangara.org/wp-content/uploads/2021/02/Rede-Kilofe-kitanda-768x432.jpg 768w" sizes="auto, (max-width: 906px) 100vw, 906px" />											</div>
				</div>
				</div>
						</div>
					</div>
		</div>
								</div>
					</div>
		</section>
				<section class="has_ma_el_bg_slider elementor-section elementor-top-section elementor-element elementor-element-202f5c2 elementor-section-boxed elementor-section-height-default elementor-section-height-default" data-id="202f5c2" data-element_type="section">
						<div class="elementor-container elementor-column-gap-default">
							<div class="elementor-row">
					<div class="has_ma_el_bg_slider elementor-column elementor-col-100 elementor-top-column elementor-element elementor-element-0abd286" data-id="0abd286" data-element_type="column">
			<div class="elementor-column-wrap elementor-element-populated">
							<div class="elementor-widget-wrap">
						<div class="elementor-element elementor-element-5d64d27 elementor-widget elementor-widget-text-editor" data-id="5d64d27" data-element_type="widget" data-widget_type="text-editor.default">
				<div class="elementor-widget-container">
					<div class="elementor-text-editor elementor-clearfix"><p>É um programa que pauta o Instituto a elaborar, apoiar e executar projetos e  ações que contribuam com a Promoção da Igualdade Racial numa perspectiva de combate ao racismo e na busca da equidade, de justiça, educação e economia para setores sociais discriminados e perseguidos pelo racismo.</p>
<p>A partir de 2003, com a assinatura pelo então presidente da República Federativa do Brasil, Luiz Inácio Lula da Silva, da lei 10.639/03, que estabelece a obrigatoriedade do ensino da cultura e história da África na Educação Brasileira e com o avaço da política públicas demandadas pelo Movimento Negro na perspectiva da reparação histórica das mazelas oriundas do Escravismo Criminoso no Brasil, o Mangará traz para dentro de seus programas e projetos a materialidade da Promoção da Igualdade Racial.</p>
<p>Sem a superação do racismo não há sustentabilidade possível!</p>
<p> </p></div>
				</div>
				</div>
						</div>
					</div>
		</div>
								</div>
					</div>
		</section>
				<section class="has_ma_el_bg_slider elementor-section elementor-top-section elementor-element elementor-element-bbb4604 elementor-section-boxed elementor-section-height-default elementor-section-height-default" data-id="bbb4604" data-element_type="section">
						<div class="elementor-container elementor-column-gap-default">
							<div class="elementor-row">
					<div class="has_ma_el_bg_slider elementor-column elementor-col-50 elementor-top-column elementor-element elementor-element-e244b05" data-id="e244b05" data-element_type="column">
			<div class="elementor-column-wrap elementor-element-populated">
							<div class="elementor-widget-wrap">
						<div class="elementor-element elementor-element-3bd6447 elementor-widget elementor-widget-heading" data-id="3bd6447" data-element_type="widget" data-widget_type="heading.default">
				<div class="elementor-widget-container">
			<h3 class="elementor-heading-title elementor-size-default">Projeto - Incubação da Rede Kolofé de Empreendedoras/es: 
</h3>		</div>
				</div>
				<div class="elementor-element elementor-element-61d7d16 elementor-widget elementor-widget-text-editor" data-id="61d7d16" data-element_type="widget" data-widget_type="text-editor.default">
				<div class="elementor-widget-container">
					<div class="elementor-text-editor elementor-clearfix"><p>Trabalhando a questão racial e econômica o Instituto Mangará trouxe para incubar a Rede Kilofé de Economia de Negras e Negros do Estado do Ceará. É um coletivo de produtoras e produtores  &#8211; em sua grande maioria , mulheres  de artesãs &#8211;  que produzem bens,artes e serviços. Articulam-se  em torno de feiras e outras formas coletivas de comercialização&#8230;</p><p> </p></div>
				</div>
				</div>
				<div class="elementor-element elementor-element-2b8382f elementor-align-center elementor-widget elementor-widget-button" data-id="2b8382f" data-element_type="widget" data-widget_type="button.default">
				<div class="elementor-widget-container">
					<div class="elementor-button-wrapper">
			<a href="https://institutomangara.org/?page_id=2056" class="elementor-button-link elementor-button elementor-size-sm" role="button">
						<span class="elementor-button-content-wrapper">
						<span class="elementor-button-text">Clique aqui</span>
		</span>
					</a>
		</div>
				</div>
				</div>
						</div>
					</div>
		</div>
				<div class="has_ma_el_bg_slider elementor-column elementor-col-50 elementor-top-column elementor-element elementor-element-4a4566c" data-id="4a4566c" data-element_type="column">
			<div class="elementor-column-wrap elementor-element-populated">
							<div class="elementor-widget-wrap">
						<div class="elementor-element elementor-element-21d428d elementor-widget elementor-widget-image" data-id="21d428d" data-element_type="widget" data-widget_type="image.default">
				<div class="elementor-widget-container">
					<div class="elementor-image">
										<img loading="lazy" decoding="async" width="1024" height="578" src="https://institutomangara.org/wp-content/uploads/2021/02/kitanda-1024x578.png" class="attachment-large size-large" alt="" srcset="https://institutomangara.org/wp-content/uploads/2021/02/kitanda-1024x578.png 1024w, https://institutomangara.org/wp-content/uploads/2021/02/kitanda-300x169.png 300w, https://institutomangara.org/wp-content/uploads/2021/02/kitanda-768x433.png 768w, https://institutomangara.org/wp-content/uploads/2021/02/kitanda.png 1354w" sizes="auto, (max-width: 1024px) 100vw, 1024px" />											</div>
				</div>
				</div>
						</div>
					</div>
		</div>
								</div>
					</div>
		</section>
						</div>
						</div>
					</div>

<p>PROGRAMA PROMOÇÃO DA IGUALDADE RACIAL É um programa que pauta o Instituto a elaborar, apoiar e executar projetos e  ações que contribuam com a Promoção da Igualdade Racial numa perspectiva de combate ao racismo e na busca da equidade, de justiça, educação e economia para setores sociais discriminados e perseguidos pelo racismo. A partir de &hellip;</p>
<p class="read-more"> <a class="" href="https://institutomangara.org/?page_id=1791"> <span class="screen-reader-text">Rede Kilofé</span> Leia mais &raquo;</a></p>
